 base 7.
-12
-2b (base 15) to base 16
-29
What is 6 (base 7) in base 4?
12
-21022 (base 3) to base 6
-525
What is -11 (base 3) in base 12?
-4
Convert 3123 (base 4) to base 5.
1334
What is 6 (base 7) in base 16?
6
Convert -3 (base 11) to base 6.
-3
What is -41 (base 5) in base 8?
-25
13 (base 4) to base 9
7
Convert -4 (base 16) to base 14.
-4
What is -51 (base 12) in base 16?
-3d
-b9 (base 13) to base 6
-412
Convert -3 (base 4) to base 13.
-3
0 (base 3) to base 13
0
-12 (base 3) to base 10
-5
Convert 13 (base 13) to base 16.
10
1 (base 13) to base 5
1
What is 1 (base 5) in base 10?
1
What is -145 (base 6) in base 13?
-50
What is -3 (base 13) in base 5?
-3
11 (base 4) to base 16
5
-15 (base 16) to base 4
-111
Convert 260 (base 8) to base 4.
2300
Convert -9 (base 14) to base 7.
-12
What is -b (base 16) in base 14?
-b
Convert 120 (base 4) to base 14.
1a
What is 11 (base 10) in base 13?
b
Convert 7 (base 10) to base 14.
7
2d (base 15) to base 4
223
What is 45 (base 9) in base 14?
2d
What is -365 (base 11) in base 15?
-1de
13 (base 9) to base 4
30
Convert 1010 (base 2) to base 6.
14
What is 57 (base 9) in base 3?
1221
Convert 44 (base 7) to base 5.
112
Convert -99 (base 16) to base 8.
-231
Convert -1 (base 2) to base 5.
-1
What is -36 (base 9) in base 7?
-45
-10 (base 7) to base 16
-7
What is 212 (base 3) in base 13?
1a
Convert -8 (base 12) to base 9.
-8
What is -13 (base 10) in base 6?
-21
37 (base 11) to base 2
101000
2001 (base 4) to base 10
129
Convert -7 (base 10) to base 16.
-7
Convert 0 (base 13) to base 10.
0
10100 (base 2) to base 12
18
Convert -4 (base 6) to base 8.
-4
-3 (base 11) to base 14
-3
Convert 73 (base 11) to base 3.
2222
Convert -1 (base 5) to base 11.
-1
What is 1 (base 15) in base 7?
1
Convert -3 (base 14) to base 2.
-11
What is 105 (base 13) in base 12?
126
Convert -82 (base 12) to base 2.
-1100010
What is 3b (base 12) in base 7?
65
What is -63 (base 9) in base 14?
-41
-1001 (base 2) to base 14
-9
What is 1 (base 13) in base 15?
1
e (base 15) to base 8
16
Convert 21 (base 5) to base 8.
13
Convert 7 (base 14) to base 9.
7
-27 (base 14) to base 10
-35
What is 2 (base 16) in base 8?
2
2 (base 11) to base 12
2
Convert 2 (base 9) to base 12.
2
314 (base 8) to base 16
cc
-1110 (base 3) to base 2
-100111
-2 (base 7) to base 2
-10
What is -20 (base 4) in base 14?
-8
Convert 4 (base 11) to base 15.
4
Convert -1 (base 5) to base 6.
-1
What is 0 (base 2) in base 4?
0
What is 210 (base 3) in base 6?
33
Convert -27 (base 16) to base 7.
-54
What is -3 (base 7) in base 9?
-3
Convert -2 (base 4) to base 16.
-2
What is -3a (base 14) in base 16?
-34
-10 (base 6) to base 16
-6
Convert -4 (base 14) to base 4.
-10
What is -22 (base 3) in base 4?
-20
5 (base 7) to base 13
5
Convert 34 (base 9) to base 16.
1f
Convert 3 (base 13) to base 9.
3
Convert -3 (base 11) to base 14.
-3
Convert -13 (base 8) to base 11.
-10
13 (base 9) to base 8
14
-3 (base 8) to base 15
-3
10000 (base 2) to base 10
16
Convert -60 (base 12) to base 6.
-200
What is -12 (base 3) in base 11?
-5
13 (base 16) to base 15
14
-120 (base 14) to base 16
-e0
-101101 (base 2) to base 10
-45
What is -3 (base 12) in base 15?
-3
-135 (base 9) to base 12
-95
29 (base 11) to base 7
43
What is -100011 (base 2) in base 15?
-25
32 (base 7) to base 5
43
-37 (base 14) to base 9
-54
Convert -3 (base 8) to base 3.
-10
Convert -122 (base 3) to base 16.
-11
What is -132 (base 5) in base 16?
-2a
What is 0 (base 13) in base 5?
0
48 (base 12) to base 2
111000
Convert 95 (base 13) to base 16.
7a
Convert -22 (base 12) to base 7.
-35
0 (base 14) to base 10
0
-169 (base 10) to base 16
-a9
3 (base 11) to base 7
3
Convert 112 (base 7) to base 9.
64
What is -113 (base 4) in base 16?
-17
-124 (base 6) to base 14
-3a
What is -20 (base 4) in base 11?
-8
What is -413 (base 6) in base 7?
-306
-10 (base 5) to base 11
-5
Convert 2 (base 4) to base 9.
2
-23 (base 12) to base 5
-102
Convert 12 (base 3) to base 2.
101
What is -23 (base 6) in base 7?
-21
What is 10 (base 11) in base 3?
102
26 (base 15) to base 10
36
Convert -41 (base 12) to base 9.
-54
What is -3 (base 15) in base 3?
-10
Convert 1 (base 13) to base 12.
1
Convert 0 (base 7) to base 13.
0
What is 3 (base 9) in base 6?
3
-ed (base 15) to base 4
-3133
-8 (base 10) to base 5
-13
0 (base 8) to base 3
0
8 (base 11) to base 5
13
What is -44 (base 6) in base 12?
-24
Convert -1 (base 5) to base 9.
-1
3 (base 9) to base 4
3
What is -2 (base 10) in base 3?
-2
65 (base 13) to base 16
53
What is -1 (base 7) in base 5?
-1
What is -26 (base 9) in base 6?
-40
What is -1 (base 7) in base 6?
-1
Convert 36 (base 8) to base 11.
28
What is 57 (base 10) in base 12?
49
What is 3 (base 16) in base 9?
3
What is -1 (base 12) in base 13?
-1
350 (base 6) to base 11
116
Convert 34 (base 8) to base 15.
1d
What is 11 (base 2) in base 8?
3
Convert 17 (base 11) to base 12.
16
2 (base 3) to base 4
2
Convert 1 (base 14) to base 9.
1
What is 2 (base 11) in base 7?
2
-3 (base 15) to base 13
-3
What is -66 (base 10) in base 13?
-51
37 (base 14) to base 10
49
Convert 4 (base 11) to base 15.
4
Convert 45 (base 7) to base 4.
201
What is -a (base 11) in base 7?
-13
Convert -1 (base 15) to base 3.
-1
Convert 24 (base 11) to base 3.
222
What is -310 (base 6) in base 12?
-96
-370 (base 8) to base 16
-f8
121 (base 5) to base 2
100100
-4 (base 6) to base 9
-4
Convert 222 (base 5) to base 13.
4a
What is 5 (base 6) in base 14?
5
What is -3d (base 16) in base 11?
-56
What is 2b5 (base 12) in base 13?
269
Convert -26 (base 14) to base 10.
-34
Convert 11 (base 2) to base 6.
3
What is 27 (base 12) in base 7?
43
Convert 1 (base 2) to base 9.
1
What is -14 (base 7) in base 10?
-11
Convert 8 (base 10) to base 15.
8
What is -5 (base 13) in base 4?
-11
-3 (base 13) to base 4
-3
What is -3 (base 9) in base 10?
-3
What is 4 (base 5) in base 9?
4
6 (base 12) to base 14
6
Convert 42 (base 12) to base 9.
55
21 (base 5) to base 7
14
Convert -145 (base 7) to base 5.
-312
Convert 12 (base 9) to base 14.
b
What is 28 (base 13) in base 14?
26
Convert 9 (base 10) to base 2.
1001
Convert -2221 (base 3) to base 9.
-87
What is -12 (base 4) in base 14?
-6
-8 (base 13) to base 4
-20
-5 (base 12) to base 10
-5
Convert 2 (base 4) to base 14.
2
What is 1110 (base 2) in base 7?
20
What is -12 (base 11) in base 5?
-23
What is 2 (base 4) in base 2?
10
What is 68 (base 16) in base 7?
206
What is 3 (base 9) in base 14?
3
Convert 177 (base 11) to base 4.
3031
Convert 125 (base 6) to base 7.
104
-2 (base 16) to base 10
-2
Convert 20 (base 16) to base 5.
112
b (base 14) to base 4
23
130 (base 5) to base 14
2c
What is -4 (base 12) in base 11?
-4
What is 10 (base 5) in base 3?
12
49 (base 12) to base 7
111
What is 0 (base 10) in base 15?
0
What is 26 (base 9) in base 13?
1b
What is 2 (base 5) in base 13?
2
12 (base 16) to base 14
14
Convert -18 (base 9) to base 6.
-25
What is 0 (base 9) in base 16?
0
Convert -4 (base 15) to base 7.
-4
-2 (base 15) to base 16
-2
What is 11 (base 8) in base 11?
9
-48 (base 10) to base 11
-44
5 (base 13) to base 16
5
What is -63 (base 8) in base 13?
-3c
-267 (base 9) to base 3
-22021
-b0 (base 14) to base 11
-130
What is -121 (base 5) in base 16?
-24
What is 8 (base 15) in base 16?
8
Convert 3 (base 13) to base 2.
11
-4 (base 13) to base 8
-4
Convert -11 (base 13) to base 15.
-e
Convert 6 (base 13) to base 5.
11
-51 (base 13) to base 4
-1002
Convert -3 (base 11) to base 10.
-3
Convert -46 (base 8) to base 12.
-32
Convert 49 (base 12) to base 3.
2010
Convert 2 (base 11) to base 15.
2
-5 (base 11) to base 5
-10
20 (base 3) to base 12
6
What is 19 (base 13) in base 2?
10110
8 (base 12) to base 8
10
Convert -12 (base 5) to base 4.
-13
-62 (base 9) to base 7
-110
Convert 4 (base 11) to base 12.
4
-111 (base 3) to base 2
-1101
What is 8 (base 14) in base 4?
20
What is 85 (base 11) in base 7?
162
Convert -1 (base 7) to base 4.
-1
-11001 (base 2) to base 6
-41
What is b (base 15) in base 9?
12
Convert 11 (base 10) to base 11.
10
Convert -10121 (base 3) to base 10.
-97
-152 (base 6) to base 14
-4c
17 (base 9) to base 3
121
-2 (base 10) to base 8
-2
What is -3 (base 5) in base 2?
-11
What is 9d (base 15) in base 9?
174
What is 1 (base 13) in base 8?
1
Convert -6 (base 8) to base 9.
-6
-2 (base 12) to base 16
-2
What